{"id":262,"date":"2023-02-16T10:01:17","date_gmt":"2023-02-16T10:01:17","guid":{"rendered":"https:\/\/www.epluse.fi\/?page_id=262"},"modified":"2024-03-27T11:43:14","modified_gmt":"2024-03-27T11:43:14","slug":"taloyhtioille","status":"publish","type":"page","link":"https:\/\/www.epluse.fi\/?page_id=262","title":{"rendered":"Taloyhti\u00f6ille"},"content":{"rendered":"\n<div class=\"wp-block-columns alignwide is-layout-flex wp-container-core-columns-is-layout-9d6595d7 wp-block-columns-is-layout-flex\">\n<div class=\"wp-block-column is-layout-flow wp-block-column-is-layout-flow\">\n<h3 class=\"wp-block-heading\">Taloyhti\u00f6n energiatarkastus<\/h3>\n\n\n\n<p>Teemme <a href=\"https:\/\/www.motiva.fi\/koti_ja_asuminen\/energiatehokas_taloyhtio\/taloyhtion_energiatarkastus\">Motivan mallin mukaisia<\/a> energiatarkastuksia taloyhti\u00f6ille. Energiatarkastus sopii taloyhti\u00f6\u00f6nne etenkin silloin, kun haluatte lis\u00e4tietoa nykyj\u00e4rjestelmien toiminnasta sek\u00e4 toimenpide-ehdotuksia energians\u00e4\u00e4st\u00f6\u00f6n.<\/p>\n\n\n\n<h3 class=\"wp-block-heading\">Taloyhti\u00f6ille r\u00e4\u00e4t\u00e4l\u00f6ity energiaselvitys<\/h3>\n\n\n\n<p>Energiaselvitys on tarkka kannattavuus- ja mitoituslaskelma eri investointien vaikutuksesta k\u00e4ytt\u00f6kustannuksiin juuri sinun kohteessasi. Energiaselvitys pohjautuu kiinteist\u00f6n energiankulutukseen ja tuntitason energiatasesimulaatioon.<\/p>\n\n\n\n<p>Selvitys r\u00e4\u00e4t\u00e4l\u00f6id\u00e4\u00e4n aina sinun tarpeisiisi. K\u00e4ymme kohteessa ja katsomme yhdess\u00e4, mitk\u00e4 tarkasteluista ovat sinun tapauksessasi relevantteja. Tuloksena saat selke\u00e4sti esitetyn ja tarkan raportin investointiin liittyv\u00e4n p\u00e4\u00e4t\u00f6ksenteon tueksi. <\/p>\n\n\n\n<p><em>\u201dSelke\u00e4sti ilmoitettu info, josta oli paljon hy\u00f6ty\u00e4, kun otin vastaan tarjouksia aurinkoenergiasta.\u201d<\/em> Asiakaspalaute, 2\/2023<\/p>\n<\/div>\n\n\n\n<div class=\"wp-block-column is-layout-flow wp-block-column-is-layout-flow\">\n<figure class=\"wp-block-image size-large is-resized\"><img loading=\"lazy\" decoding=\"async\" width=\"1024\" height=\"768\" src=\"https:\/\/www.epluse.fi\/wp-content\/uploads\/2023\/03\/IMG_6809_edit-1024x768.jpg\" alt=\"\" class=\"wp-image-333\" srcset=\"https:\/\/www.epluse.fi\/wp-content\/uploads\/2023\/03\/IMG_6809_edit-1024x768.jpg 1024w, https:\/\/www.epluse.fi\/wp-content\/uploads\/2023\/03\/IMG_6809_edit-300x225.jpg 300w, https:\/\/www.epluse.fi\/wp-content\/uploads\/2023\/03\/IMG_6809_edit-768x576.jpg 768w, https:\/\/www.epluse.fi\/wp-content\/uploads\/2023\/03\/IMG_6809_edit-1536x1152.jpg 1536w, https:\/\/www.epluse.fi\/wp-content\/uploads\/2023\/03\/IMG_6809_edit-2048x1536.jpg 2048w, https:\/\/www.epluse.fi\/wp-content\/uploads\/2023\/03\/IMG_6809_edit-1568x1176.jpg 1568w\" sizes=\"auto, (max-width: 1024px) 100vw, 1024px\" \/><\/figure>\n<\/div>\n<\/div>\n\n\n\n<div style=\"height:24px\" aria-hidden=\"true\" class=\"wp-block-spacer\"><\/div>\n\n\n\n<h3 class=\"wp-block-heading\">Selvitys voi sis\u00e4lt\u00e4\u00e4:<\/h3>\n\n\n\n<ul class=\"wp-block-list\">\n<li>Aurinkos\u00e4hk\u00f6investoinnin kannattavuus ja eri mitoitusvaihtoehdot\n<ul class=\"wp-block-list\">\n<li>Nyky\u00e4\u00e4n aurinkovoimalan tuotantoa voidaan k\u00e4ytt\u00e4\u00e4 taloyhti\u00f6n kiinteist\u00f6s\u00e4hk\u00f6n kulutuksen lis\u00e4ksi my\u00f6s asuntojen s\u00e4hk\u00f6nkulutuksessa, jolloin isommat voimalakoot tulevat kannattavammiksi. <\/li>\n\n\n\n<li>Teemme aurinkovoimalan mitoitus- ja kannattavuuslaskennan tarkasti tuntitasolla sek\u00e4 halutessasi my\u00f6s 15 minuutin tasolla, jotta n\u00e4et uuden netotustavan vaikutuksen s\u00e4\u00e4st\u00f6ihisi. <\/li>\n<\/ul>\n<\/li>\n\n\n\n<li>Ilmanvaihdon l\u00e4mm\u00f6ntalteenoton parantamisen tai poistoilmal\u00e4mp\u00f6pumpun vaikutus energiakustannuksiin<\/li>\n\n\n\n<li>Ilmanvaihdon aikaohjelmien mahdollinen s\u00e4\u00e4st\u00f6potentiaali\n<ul class=\"wp-block-list\">\n<li>Tarkistamme, ett\u00e4 ilmanvaihdon aikaohjelmat on tarkoituksenmukaisesti asetettu.<\/li>\n<\/ul>\n<\/li>\n\n\n\n<li>L\u00e4mp\u00f6pumppuinvestoinnin kannattavuus<\/li>\n\n\n\n<li>S\u00e4hk\u00f6tuotteiden vertailu\n<ul class=\"wp-block-list\">\n<li>Arvioimme, miten eri s\u00e4hk\u00f6sopimustyypit, kuten p\u00f6rssis\u00e4hk\u00f6 tai y\u00f6- ja p\u00e4iv\u00e4s\u00e4hk\u00f6, vaikuttavat kohteesi k\u00e4ytt\u00f6kustannuksiin.<\/li>\n<\/ul>\n<\/li>\n<\/ul>\n","protected":false},"excerpt":{"rendered":"<p>Taloyhti\u00f6n energiatarkastus Teemme Motivan mallin mukaisia energiatarkastuksia taloyhti\u00f6ille. Energiatarkastus sopii taloyhti\u00f6\u00f6nne etenkin silloin, kun haluatte lis\u00e4tietoa nykyj\u00e4rjestelmien toiminnasta sek\u00e4 toimenpide-ehdotuksia energians\u00e4\u00e4st\u00f6\u00f6n. Taloyhti\u00f6ille r\u00e4\u00e4t\u00e4l\u00f6ity energiaselvitys Energiaselvitys on tarkka kannattavuus- ja mitoituslaskelma eri investointien vaikutuksesta k\u00e4ytt\u00f6kustannuksiin juuri sinun kohteessasi. Energiaselvitys pohjautuu kiinteist\u00f6n energiankulutukseen ja tuntitason energiatasesimulaatioon. Selvitys r\u00e4\u00e4t\u00e4l\u00f6id\u00e4\u00e4n aina sinun tarpeisiisi. K\u00e4ymme kohteessa ja katsomme yhdess\u00e4, mitk\u00e4&hellip; <a class=\"more-link\" href=\"https:\/\/www.epluse.fi\/?page_id=262\">Jatka lukemista <span class=\"screen-reader-text\">Taloyhti\u00f6ille<\/span><\/a><\/p>\n","protected":false},"author":1,"featured_media":0,"parent":0,"menu_order":0,"comment_status":"closed","ping_status":"closed","template":"","meta":{"footnotes":""},"class_list":["post-262","page","type-page","status-publish","hentry","entry"],"yoast_head":"<!-- This site is optimized with the Yoast SEO plugin v27.5 - https:\/\/yoast.com\/product\/yoast-seo-wordpress\/ -->\n<title>Taloyhti\u00f6ille - Energy Plus Engineering Oy<\/title>\n<meta name=\"robots\" content=\"index, follow, max-snippet:-1, max-image-preview:large, max-video-preview:-1\" \/>\n<link rel=\"canonical\" href=\"https:\/\/www.epluse.fi\/?page_id=262\" \/>\n<meta property=\"og:locale\" content=\"fi_FI\" \/>\n<meta property=\"og:type\" content=\"article\" \/>\n<meta property=\"og:title\" content=\"Taloyhti\u00f6ille - Energy Plus Engineering Oy\" \/>\n<meta property=\"og:description\" content=\"Taloyhti\u00f6n energiatarkastus Teemme Motivan mallin mukaisia energiatarkastuksia taloyhti\u00f6ille. Energiatarkastus sopii taloyhti\u00f6\u00f6nne etenkin silloin, kun haluatte lis\u00e4tietoa nykyj\u00e4rjestelmien toiminnasta sek\u00e4 toimenpide-ehdotuksia energians\u00e4\u00e4st\u00f6\u00f6n. Taloyhti\u00f6ille r\u00e4\u00e4t\u00e4l\u00f6ity energiaselvitys Energiaselvitys on tarkka kannattavuus- ja mitoituslaskelma eri investointien vaikutuksesta k\u00e4ytt\u00f6kustannuksiin juuri sinun kohteessasi. Energiaselvitys pohjautuu kiinteist\u00f6n energiankulutukseen ja tuntitason energiatasesimulaatioon. Selvitys r\u00e4\u00e4t\u00e4l\u00f6id\u00e4\u00e4n aina sinun tarpeisiisi. K\u00e4ymme kohteessa ja katsomme yhdess\u00e4, mitk\u00e4&hellip; Jatka lukemista Taloyhti\u00f6ille\" \/>\n<meta property=\"og:url\" content=\"https:\/\/www.epluse.fi\/?page_id=262\" \/>\n<meta property=\"og:site_name\" content=\"Energy Plus Engineering Oy\" \/>\n<meta property=\"article:modified_time\" content=\"2024-03-27T11:43:14+00:00\" \/>\n<meta property=\"og:image\" content=\"https:\/\/www.epluse.fi\/wp-content\/uploads\/2023\/03\/IMG_6809_edit-1024x768.jpg\" \/>\n<meta name=\"twitter:card\" content=\"summary_large_image\" \/>\n<meta name=\"twitter:label1\" content=\"Arvioitu lukuaika\" \/>\n\t<meta name=\"twitter:data1\" content=\"2 minuuttia\" \/>\n<script type=\"application\/ld+json\" class=\"yoast-schema-graph\">{\"@context\":\"https:\\\/\\\/schema.org\",\"@graph\":[{\"@type\":\"WebPage\",\"@id\":\"https:\\\/\\\/www.epluse.fi\\\/?page_id=262\",\"url\":\"https:\\\/\\\/www.epluse.fi\\\/?page_id=262\",\"name\":\"Taloyhti\u00f6ille - Energy Plus Engineering Oy\",\"isPartOf\":{\"@id\":\"https:\\\/\\\/www.epluse.fi\\\/#website\"},\"primaryImageOfPage\":{\"@id\":\"https:\\\/\\\/www.epluse.fi\\\/?page_id=262#primaryimage\"},\"image\":{\"@id\":\"https:\\\/\\\/www.epluse.fi\\\/?page_id=262#primaryimage\"},\"thumbnailUrl\":\"https:\\\/\\\/www.epluse.fi\\\/wp-content\\\/uploads\\\/2023\\\/03\\\/IMG_6809_edit-1024x768.jpg\",\"datePublished\":\"2023-02-16T10:01:17+00:00\",\"dateModified\":\"2024-03-27T11:43:14+00:00\",\"breadcrumb\":{\"@id\":\"https:\\\/\\\/www.epluse.fi\\\/?page_id=262#breadcrumb\"},\"inLanguage\":\"fi\",\"potentialAction\":[{\"@type\":\"ReadAction\",\"target\":[\"https:\\\/\\\/www.epluse.fi\\\/?page_id=262\"]}]},{\"@type\":\"ImageObject\",\"inLanguage\":\"fi\",\"@id\":\"https:\\\/\\\/www.epluse.fi\\\/?page_id=262#primaryimage\",\"url\":\"https:\\\/\\\/www.epluse.fi\\\/wp-content\\\/uploads\\\/2023\\\/03\\\/IMG_6809_edit-scaled.jpg\",\"contentUrl\":\"https:\\\/\\\/www.epluse.fi\\\/wp-content\\\/uploads\\\/2023\\\/03\\\/IMG_6809_edit-scaled.jpg\",\"width\":2560,\"height\":1920},{\"@type\":\"BreadcrumbList\",\"@id\":\"https:\\\/\\\/www.epluse.fi\\\/?page_id=262#breadcrumb\",\"itemListElement\":[{\"@type\":\"ListItem\",\"position\":1,\"name\":\"Etusivu\",\"item\":\"https:\\\/\\\/www.epluse.fi\\\/\"},{\"@type\":\"ListItem\",\"position\":2,\"name\":\"Taloyhti\u00f6ille\"}]},{\"@type\":\"WebSite\",\"@id\":\"https:\\\/\\\/www.epluse.fi\\\/#website\",\"url\":\"https:\\\/\\\/www.epluse.fi\\\/\",\"name\":\"Energy Plus Engineering Oy\",\"description\":\"\",\"publisher\":{\"@id\":\"https:\\\/\\\/www.epluse.fi\\\/#organization\"},\"potentialAction\":[{\"@type\":\"SearchAction\",\"target\":{\"@type\":\"EntryPoint\",\"urlTemplate\":\"https:\\\/\\\/www.epluse.fi\\\/?s={search_term_string}\"},\"query-input\":{\"@type\":\"PropertyValueSpecification\",\"valueRequired\":true,\"valueName\":\"search_term_string\"}}],\"inLanguage\":\"fi\"},{\"@type\":\"Organization\",\"@id\":\"https:\\\/\\\/www.epluse.fi\\\/#organization\",\"name\":\"Energy Plus Engineering Oy\",\"url\":\"https:\\\/\\\/www.epluse.fi\\\/\",\"logo\":{\"@type\":\"ImageObject\",\"inLanguage\":\"fi\",\"@id\":\"https:\\\/\\\/www.epluse.fi\\\/#\\\/schema\\\/logo\\\/image\\\/\",\"url\":\"https:\\\/\\\/www.epluse.fi\\\/wp-content\\\/uploads\\\/2021\\\/07\\\/cropped-EE_logo_RGB_musta.jpg\",\"contentUrl\":\"https:\\\/\\\/www.epluse.fi\\\/wp-content\\\/uploads\\\/2021\\\/07\\\/cropped-EE_logo_RGB_musta.jpg\",\"width\":354,\"height\":421,\"caption\":\"Energy Plus Engineering Oy\"},\"image\":{\"@id\":\"https:\\\/\\\/www.epluse.fi\\\/#\\\/schema\\\/logo\\\/image\\\/\"},\"sameAs\":[\"https:\\\/\\\/www.linkedin.com\\\/company\\\/energy-plus-engineering-oy\"]}]}<\/script>\n<!-- \/ Yoast SEO plugin. -->","yoast_head_json":{"title":"Taloyhti\u00f6ille - Energy Plus Engineering Oy","robots":{"index":"index","follow":"follow","max-snippet":"max-snippet:-1","max-image-preview":"max-image-preview:large","max-video-preview":"max-video-preview:-1"},"canonical":"https:\/\/www.epluse.fi\/?page_id=262","og_locale":"fi_FI","og_type":"article","og_title":"Taloyhti\u00f6ille - Energy Plus Engineering Oy","og_description":"Taloyhti\u00f6n energiatarkastus Teemme Motivan mallin mukaisia energiatarkastuksia taloyhti\u00f6ille. Energiatarkastus sopii taloyhti\u00f6\u00f6nne etenkin silloin, kun haluatte lis\u00e4tietoa nykyj\u00e4rjestelmien toiminnasta sek\u00e4 toimenpide-ehdotuksia energians\u00e4\u00e4st\u00f6\u00f6n. Taloyhti\u00f6ille r\u00e4\u00e4t\u00e4l\u00f6ity energiaselvitys Energiaselvitys on tarkka kannattavuus- ja mitoituslaskelma eri investointien vaikutuksesta k\u00e4ytt\u00f6kustannuksiin juuri sinun kohteessasi. Energiaselvitys pohjautuu kiinteist\u00f6n energiankulutukseen ja tuntitason energiatasesimulaatioon. Selvitys r\u00e4\u00e4t\u00e4l\u00f6id\u00e4\u00e4n aina sinun tarpeisiisi. K\u00e4ymme kohteessa ja katsomme yhdess\u00e4, mitk\u00e4&hellip; Jatka lukemista Taloyhti\u00f6ille","og_url":"https:\/\/www.epluse.fi\/?page_id=262","og_site_name":"Energy Plus Engineering Oy","article_modified_time":"2024-03-27T11:43:14+00:00","og_image":[{"url":"https:\/\/www.epluse.fi\/wp-content\/uploads\/2023\/03\/IMG_6809_edit-1024x768.jpg","type":"","width":"","height":""}],"twitter_card":"summary_large_image","twitter_misc":{"Arvioitu lukuaika":"2 minuuttia"},"schema":{"@context":"https:\/\/schema.org","@graph":[{"@type":"WebPage","@id":"https:\/\/www.epluse.fi\/?page_id=262","url":"https:\/\/www.epluse.fi\/?page_id=262","name":"Taloyhti\u00f6ille - Energy Plus Engineering Oy","isPartOf":{"@id":"https:\/\/www.epluse.fi\/#website"},"primaryImageOfPage":{"@id":"https:\/\/www.epluse.fi\/?page_id=262#primaryimage"},"image":{"@id":"https:\/\/www.epluse.fi\/?page_id=262#primaryimage"},"thumbnailUrl":"https:\/\/www.epluse.fi\/wp-content\/uploads\/2023\/03\/IMG_6809_edit-1024x768.jpg","datePublished":"2023-02-16T10:01:17+00:00","dateModified":"2024-03-27T11:43:14+00:00","breadcrumb":{"@id":"https:\/\/www.epluse.fi\/?page_id=262#breadcrumb"},"inLanguage":"fi","potentialAction":[{"@type":"ReadAction","target":["https:\/\/www.epluse.fi\/?page_id=262"]}]},{"@type":"ImageObject","inLanguage":"fi","@id":"https:\/\/www.epluse.fi\/?page_id=262#primaryimage","url":"https:\/\/www.epluse.fi\/wp-content\/uploads\/2023\/03\/IMG_6809_edit-scaled.jpg","contentUrl":"https:\/\/www.epluse.fi\/wp-content\/uploads\/2023\/03\/IMG_6809_edit-scaled.jpg","width":2560,"height":1920},{"@type":"BreadcrumbList","@id":"https:\/\/www.epluse.fi\/?page_id=262#breadcrumb","itemListElement":[{"@type":"ListItem","position":1,"name":"Etusivu","item":"https:\/\/www.epluse.fi\/"},{"@type":"ListItem","position":2,"name":"Taloyhti\u00f6ille"}]},{"@type":"WebSite","@id":"https:\/\/www.epluse.fi\/#website","url":"https:\/\/www.epluse.fi\/","name":"Energy Plus Engineering Oy","description":"","publisher":{"@id":"https:\/\/www.epluse.fi\/#organization"},"potentialAction":[{"@type":"SearchAction","target":{"@type":"EntryPoint","urlTemplate":"https:\/\/www.epluse.fi\/?s={search_term_string}"},"query-input":{"@type":"PropertyValueSpecification","valueRequired":true,"valueName":"search_term_string"}}],"inLanguage":"fi"},{"@type":"Organization","@id":"https:\/\/www.epluse.fi\/#organization","name":"Energy Plus Engineering Oy","url":"https:\/\/www.epluse.fi\/","logo":{"@type":"ImageObject","inLanguage":"fi","@id":"https:\/\/www.epluse.fi\/#\/schema\/logo\/image\/","url":"https:\/\/www.epluse.fi\/wp-content\/uploads\/2021\/07\/cropped-EE_logo_RGB_musta.jpg","contentUrl":"https:\/\/www.epluse.fi\/wp-content\/uploads\/2021\/07\/cropped-EE_logo_RGB_musta.jpg","width":354,"height":421,"caption":"Energy Plus Engineering Oy"},"image":{"@id":"https:\/\/www.epluse.fi\/#\/schema\/logo\/image\/"},"sameAs":["https:\/\/www.linkedin.com\/company\/energy-plus-engineering-oy"]}]}},"_links":{"self":[{"href":"https:\/\/www.epluse.fi\/index.php?rest_route=\/wp\/v2\/pages\/262","targetHints":{"allow":["GET"]}}],"collection":[{"href":"https:\/\/www.epluse.fi\/index.php?rest_route=\/wp\/v2\/pages"}],"about":[{"href":"https:\/\/www.epluse.fi\/index.php?rest_route=\/wp\/v2\/types\/page"}],"author":[{"embeddable":true,"href":"https:\/\/www.epluse.fi\/index.php?rest_route=\/wp\/v2\/users\/1"}],"replies":[{"embeddable":true,"href":"https:\/\/www.epluse.fi\/index.php?rest_route=%2Fwp%2Fv2%2Fcomments&post=262"}],"version-history":[{"count":11,"href":"https:\/\/www.epluse.fi\/index.php?rest_route=\/wp\/v2\/pages\/262\/revisions"}],"predecessor-version":[{"id":466,"href":"https:\/\/www.epluse.fi\/index.php?rest_route=\/wp\/v2\/pages\/262\/revisions\/466"}],"wp:attachment":[{"href":"https:\/\/www.epluse.fi\/index.php?rest_route=%2Fwp%2Fv2%2Fmedia&parent=262"}],"curies":[{"name":"wp","href":"https:\/\/api.w.org\/{rel}","templated":true}]}}