{"id":241,"date":"2023-02-16T07:41:09","date_gmt":"2023-02-16T07:41:09","guid":{"rendered":"https:\/\/www.epluse.fi\/?page_id=241"},"modified":"2025-08-20T10:00:17","modified_gmt":"2025-08-20T10:00:17","slug":"omakotitalot","status":"publish","type":"page","link":"https:\/\/www.epluse.fi\/?page_id=241","title":{"rendered":"Omakotitalot"},"content":{"rendered":"\n<div class=\"wp-block-columns is-layout-flex wp-container-core-columns-is-layout-9d6595d7 wp-block-columns-is-layout-flex\">\n<div class=\"wp-block-column is-layout-flow wp-block-column-is-layout-flow\">\n<p>Kaikki tuotteemme r\u00e4\u00e4t\u00e4l\u00f6id\u00e4\u00e4n sinun tarpeisiisi. Alla olevat tuotepaketit ovat esimerkkej\u00e4 siit\u00e4, mit\u00e4 selvitykseen voidaan sis\u00e4llytt\u00e4\u00e4.<\/p>\n<\/div>\n<\/div>\n\n\n\n<div class=\"wp-block-columns alignwide is-style-default is-layout-flex wp-container-core-columns-is-layout-9d6595d7 wp-block-columns-is-layout-flex\">\n<div class=\"wp-block-column has-text-color has-background has-link-color wp-elements-a5832dca93bfddb7aeb6b85b90cafcbf is-layout-flow wp-block-column-is-layout-flow\" style=\"color:#000000;background-color:#fbf83f;padding-top:2em;padding-right:2em;padding-bottom:2em;padding-left:2em\">\n<h2 class=\"wp-block-heading\" id=\"single\" style=\"font-size:35px\"><strong>Aurinkoselvitys<\/strong><\/h2>\n\n\n\n<p>Tietoa aurinkovoimalan kannattavuudesta ja mitoituksen vaikutuksista p\u00e4\u00e4t\u00f6ksenteon tueksi<\/p>\n\n\n\n<hr class=\"wp-block-separator has-text-color has-css-opacity has-background is-style-wide\" style=\"background-color:#000000;color:#000000\"\/>\n\n\n\n<ul class=\"wp-block-list\">\n<li>Aurinkos\u00e4hk\u00f6voimalan eri mitoitus- ja suuntausvaihtoehdot<\/li>\n\n\n\n<li>Voimalan investointiarviot<\/li>\n\n\n\n<li>Tuntitason simulaatiolla arvioimme aurinkos\u00e4hk\u00f6n tuotannon omak\u00e4yt\u00f6n asteen sek\u00e4 myyntiin menev\u00e4n osuuden, ja tuotamme tarkan arvion voimalan vaikutuksista s\u00e4hk\u00f6kustannuksiisi<\/li>\n\n\n\n<li>Lis\u00e4ksi voimme arvioida 15 minuutin netotuksen vaikutuksen aurinkovoimasta saamiisi s\u00e4\u00e4st\u00f6ihin<\/li>\n\n\n\n<li>S\u00e4hk\u00f6tuotteiden vertailu<\/li>\n<\/ul>\n\n\n\n<div class=\"wp-block-buttons alignfull is-horizontal is-content-justification-center is-layout-flex wp-container-core-buttons-is-layout-499968f5 wp-block-buttons-is-layout-flex\">\n<div class=\"wp-block-button has-custom-width wp-block-button__width-100\"><a class=\"wp-block-button__link has-white-color has-text-color has-background no-border-radius wp-element-button\" style=\"background-color:#000000\">250 \u20ac (sis. ALV:n)<\/a><\/div>\n<\/div>\n<\/div>\n\n\n\n<div class=\"wp-block-column has-text-color has-background has-link-color wp-elements-5e1bd44d8fb26282cc6f4dd81fb97893 is-layout-flow wp-block-column-is-layout-flow\" style=\"color:#000000;background-color:#e89200;padding-top:2em;padding-right:2em;padding-bottom:2em;padding-left:2em\">\n<h2 class=\"wp-block-heading\" id=\"family\" style=\"font-size:35px\"><strong>L\u00e4mp\u00f6selvitys<\/strong><\/h2>\n\n\n\n<p class=\"has-small-font-size\">Eri l\u00e4mm\u00f6nl\u00e4hteiden vertailu suunniteltaessa l\u00e4mmitystavan muutosta<\/p>\n\n\n\n<hr class=\"wp-block-separator has-text-color has-black-color has-alpha-channel-opacity has-black-background-color has-background is-style-wide\"\/>\n\n\n\n<ul class=\"wp-block-list\">\n<li>L\u00e4mm\u00f6nl\u00e4hteiden vertailut:<\/li>\n\n\n\n<li>maa-, ilmavesi- ja ilma-ilmal\u00e4mp\u00f6pumppu, vertailukohtana olemassa oleva l\u00e4mmitysj\u00e4rjestelm\u00e4<\/li>\n\n\n\n<li>L\u00e4mp\u00f6pumppujen eri mitoitusvaihtoehdot<\/li>\n\n\n\n<li>k\u00e4ytt\u00f6kustannus- ja investointiarvio<\/li>\n<\/ul>\n\n\n\n<div class=\"wp-block-buttons alignfull is-horizontal is-content-justification-center is-layout-flex wp-container-core-buttons-is-layout-499968f5 wp-block-buttons-is-layout-flex\">\n<div class=\"wp-block-button has-custom-width wp-block-button__width-100 is-style-fill\"><a class=\"wp-block-button__link has-white-color has-text-color has-background no-border-radius wp-element-button\" style=\"background-color:#000000\">420 \u20ac (sis. ALV:n)<\/a><\/div>\n<\/div>\n<\/div>\n\n\n\n<div class=\"wp-block-column has-text-color has-background has-link-color wp-elements-cb65ad29cd4db8dbb7199c32c50696ce is-layout-flow wp-block-column-is-layout-flow\" style=\"color:#000000;background-color:#92a965;padding-top:2em;padding-right:2em;padding-bottom:2em;padding-left:2em\">\n<h2 class=\"wp-block-heading\" id=\"patron\" style=\"font-size:35px\"><strong>Kokonaisoptimi<\/strong><\/h2>\n\n\n\n<p class=\"has-small-font-size\">Energiatehokkuuden kokonaiskuva uudiskohteisiin sek\u00e4 isompien remonttien yhteydess\u00e4<\/p>\n\n\n\n<hr class=\"wp-block-separator has-text-color has-black-color has-alpha-channel-opacity has-black-background-color has-background is-style-wide\"\/>\n\n\n\n<ul class=\"wp-block-list\">\n<li>L\u00e4mm\u00f6nl\u00e4hteiden vertailut: maa-, ilmavesi- ja ilma-ilmal\u00e4mp\u00f6pumppu, vertailukohtana olemassa oleva l\u00e4mmitysj\u00e4rjestelm\u00e4, k\u00e4ytt\u00f6kustannus- ja investointiarvio, eri mitoitusvaihtoehdot<\/li>\n\n\n\n<li>Aurinkos\u00e4hk\u00f6voimalan eri mitoitusvaihtoehdot, vaikutus s\u00e4hk\u00f6kustannuksiin, investointiarvio<\/li>\n\n\n\n<li>Ilmanvaihdon l\u00e4mm\u00f6ntalteenoton tai poistoilmal\u00e4mp\u00f6pumpun vaikutus energiakustannuksiin<\/li>\n\n\n\n<li>S\u00e4hk\u00f6n varastointi<\/li>\n\n\n\n<li>S\u00e4hk\u00f6tuotteiden vertailu<\/li>\n<\/ul>\n\n\n\n<div class=\"wp-block-buttons alignfull is-horizontal is-content-justification-center is-layout-flex wp-container-core-buttons-is-layout-499968f5 wp-block-buttons-is-layout-flex\">\n<div class=\"wp-block-button has-custom-width wp-block-button__width-100\"><a class=\"wp-block-button__link has-white-color has-text-color has-background no-border-radius wp-element-button\" style=\"background-color:#000000\">1 000 \u20ac (sis. ALV:n)<\/a><\/div>\n<\/div>\n<\/div>\n<\/div>\n\n\n\n<div style=\"height:14px\" aria-hidden=\"true\" class=\"wp-block-spacer\"><\/div>\n\n\n\n<div class=\"wp-block-buttons is-content-justification-center is-layout-flex wp-container-core-buttons-is-layout-16018d1d wp-block-buttons-is-layout-flex\">\n<div class=\"wp-block-button\"><a class=\"wp-block-button__link wp-element-button\" href=\"https:\/\/www.epluse.fi\/?page_id=14\">Ota yhteytt\u00e4 ja tilaa energiaselvityksesi nyt!<\/a><\/div>\n<\/div>\n\n\n\n<div style=\"height:14px\" aria-hidden=\"true\" class=\"wp-block-spacer\"><\/div>\n\n\n\n<div class=\"wp-block-columns alignwide is-layout-flex wp-container-core-columns-is-layout-9d6595d7 wp-block-columns-is-layout-flex\">\n<div class=\"wp-block-column is-layout-flow wp-block-column-is-layout-flow\">\n<h2 class=\"wp-block-heading\">Tarvittavat l\u00e4ht\u00f6tiedot<\/h2>\n\n\n\n<h3 class=\"wp-block-heading\">Aurinkoselvitys<\/h3>\n\n\n\n<ul class=\"wp-block-list\">\n<li>Kohteen osoite<\/li>\n\n\n\n<li>Kohteen tuntikohtainen s\u00e4hk\u00f6nkulutus yhdelt\u00e4 kokonaiselta vuodelta \n<ul class=\"wp-block-list\">\n<li>L\u00f6yd\u00e4t tuntikohtaisen s\u00e4hk\u00f6nkulutuksen s\u00e4hk\u00f6verkkoyhti\u00f6n tai s\u00e4hk\u00f6energian toimittajan nettipalvelusta.<\/li>\n<\/ul>\n<\/li>\n\n\n\n<li>S\u00e4hk\u00f6energian hinta\/hinnat, jolla haluat laskelman teht\u00e4v\u00e4n\n<ul class=\"wp-block-list\">\n<li>Laskemme mitoitukset kahdella eri hinnalla, jolloin n\u00e4et, miten s\u00e4hk\u00f6n hinnan mahdollinen vaihtelu vaikuttaa takaisinmaksuaikaan.<\/li>\n<\/ul>\n<\/li>\n<\/ul>\n\n\n\n<h3 class=\"wp-block-heading\">L\u00e4mp\u00f6selvitys<\/h3>\n\n\n\n<ul class=\"wp-block-list\">\n<li>Kohteen osoite<\/li>\n\n\n\n<li>Kohteen l\u00e4mmitystavan kuvaus\n<ul class=\"wp-block-list\">\n<li> Mik\u00e4li rakennuksessasi on useampi l\u00e4mmitysmuoto, esimerkiksi ilma-ilmal\u00e4mp\u00f6pumppu toisen l\u00e4mmitystavan rinnalla, kerrothan n\u00e4ist\u00e4 meille.<\/li>\n<\/ul>\n<\/li>\n\n\n\n<li>L\u00e4mm\u00f6nkulutus yhdelt\u00e4 vuodelta\n<ul class=\"wp-block-list\">\n<li>Kaukol\u00e4mp\u00f6kohteessa l\u00e4mm\u00f6nkulutus l\u00f6ytyy yleens\u00e4 kuukausitasolla l\u00e4mm\u00f6ntoimittajan nettipalvelusta, \u00f6ljykohteessa riitt\u00e4\u00e4 \u00f6ljyn m\u00e4\u00e4r\u00e4 ja t\u00e4ytt\u00f6v\u00e4li. S\u00e4hk\u00f6l\u00e4mmitteisess\u00e4 kohteessa tarvitsemme tuntikohtaisen s\u00e4hk\u00f6nkulutuksen.<\/li>\n<\/ul>\n<\/li>\n\n\n\n<li>Ilmanvaihto\n<ul class=\"wp-block-list\">\n<li>Onko kohteessasi koneellinen ilmanvaihto? Mik\u00e4li kyll\u00e4, annathan lis\u00e4tietoja j\u00e4rjestelm\u00e4st\u00e4: ilmam\u00e4\u00e4r\u00e4t ja mahdollisen l\u00e4mm\u00f6ntalteenoton hy\u00f6tysuhde.<\/li>\n<\/ul>\n<\/li>\n<\/ul>\n<\/div>\n\n\n\n<div class=\"wp-block-column is-layout-flow wp-block-column-is-layout-flow\">\n<figure class=\"wp-block-image size-large\"><img loading=\"lazy\" decoding=\"async\" width=\"683\" height=\"1024\" src=\"https:\/\/www.epluse.fi\/wp-content\/uploads\/2023\/03\/IMG_6732-683x1024.jpg\" alt=\"\" class=\"wp-image-347\" srcset=\"https:\/\/www.epluse.fi\/wp-content\/uploads\/2023\/03\/IMG_6732-683x1024.jpg 683w, https:\/\/www.epluse.fi\/wp-content\/uploads\/2023\/03\/IMG_6732-200x300.jpg 200w, https:\/\/www.epluse.fi\/wp-content\/uploads\/2023\/03\/IMG_6732-768x1152.jpg 768w, https:\/\/www.epluse.fi\/wp-content\/uploads\/2023\/03\/IMG_6732-1024x1536.jpg 1024w, https:\/\/www.epluse.fi\/wp-content\/uploads\/2023\/03\/IMG_6732-1365x2048.jpg 1365w, https:\/\/www.epluse.fi\/wp-content\/uploads\/2023\/03\/IMG_6732-1568x2352.jpg 1568w, https:\/\/www.epluse.fi\/wp-content\/uploads\/2023\/03\/IMG_6732-scaled.jpg 1707w\" sizes=\"auto, (max-width: 683px) 100vw, 683px\" \/><\/figure>\n<\/div>\n<\/div>\n","protected":false},"excerpt":{"rendered":"<p>Kaikki tuotteemme r\u00e4\u00e4t\u00e4l\u00f6id\u00e4\u00e4n sinun tarpeisiisi. Alla olevat tuotepaketit ovat esimerkkej\u00e4 siit\u00e4, mit\u00e4 selvitykseen voidaan sis\u00e4llytt\u00e4\u00e4. Aurinkoselvitys Tietoa aurinkovoimalan kannattavuudesta ja mitoituksen vaikutuksista p\u00e4\u00e4t\u00f6ksenteon tueksi L\u00e4mp\u00f6selvitys Eri l\u00e4mm\u00f6nl\u00e4hteiden vertailu suunniteltaessa l\u00e4mmitystavan muutosta Kokonaisoptimi Energiatehokkuuden kokonaiskuva uudiskohteisiin sek\u00e4 isompien remonttien yhteydess\u00e4 Tarvittavat l\u00e4ht\u00f6tiedot Aurinkoselvitys L\u00e4mp\u00f6selvitys<\/p>\n","protected":false},"author":1,"featured_media":0,"parent":0,"menu_order":0,"comment_status":"closed","ping_status":"closed","template":"","meta":{"footnotes":""},"class_list":["post-241","page","type-page","status-publish","hentry","entry"],"yoast_head":"<!-- This site is optimized with the Yoast SEO plugin v27.5 - https:\/\/yoast.com\/product\/yoast-seo-wordpress\/ -->\n<title>Omakotitalot - Energy Plus Engineering Oy<\/title>\n<meta name=\"robots\" content=\"index, follow, max-snippet:-1, max-image-preview:large, max-video-preview:-1\" \/>\n<link rel=\"canonical\" href=\"https:\/\/www.epluse.fi\/?page_id=241\" \/>\n<meta property=\"og:locale\" content=\"fi_FI\" \/>\n<meta property=\"og:type\" content=\"article\" \/>\n<meta property=\"og:title\" content=\"Omakotitalot - Energy Plus Engineering Oy\" \/>\n<meta property=\"og:description\" content=\"Kaikki tuotteemme r\u00e4\u00e4t\u00e4l\u00f6id\u00e4\u00e4n sinun tarpeisiisi. Alla olevat tuotepaketit ovat esimerkkej\u00e4 siit\u00e4, mit\u00e4 selvitykseen voidaan sis\u00e4llytt\u00e4\u00e4. Aurinkoselvitys Tietoa aurinkovoimalan kannattavuudesta ja mitoituksen vaikutuksista p\u00e4\u00e4t\u00f6ksenteon tueksi L\u00e4mp\u00f6selvitys Eri l\u00e4mm\u00f6nl\u00e4hteiden vertailu suunniteltaessa l\u00e4mmitystavan muutosta Kokonaisoptimi Energiatehokkuuden kokonaiskuva uudiskohteisiin sek\u00e4 isompien remonttien yhteydess\u00e4 Tarvittavat l\u00e4ht\u00f6tiedot Aurinkoselvitys L\u00e4mp\u00f6selvitys\" \/>\n<meta property=\"og:url\" content=\"https:\/\/www.epluse.fi\/?page_id=241\" \/>\n<meta property=\"og:site_name\" content=\"Energy Plus Engineering Oy\" \/>\n<meta property=\"article:modified_time\" content=\"2025-08-20T10:00:17+00:00\" \/>\n<meta property=\"og:image\" content=\"https:\/\/www.epluse.fi\/wp-content\/uploads\/2023\/03\/IMG_6732-scaled.jpg\" \/>\n\t<meta property=\"og:image:width\" content=\"1707\" \/>\n\t<meta property=\"og:image:height\" content=\"2560\" \/>\n\t<meta property=\"og:image:type\" content=\"image\/jpeg\" \/>\n<meta name=\"twitter:card\" content=\"summary_large_image\" \/>\n<meta name=\"twitter:label1\" content=\"Arvioitu lukuaika\" \/>\n\t<meta name=\"twitter:data1\" content=\"2 minuuttia\" \/>\n<script type=\"application\/ld+json\" class=\"yoast-schema-graph\">{\"@context\":\"https:\\\/\\\/schema.org\",\"@graph\":[{\"@type\":\"WebPage\",\"@id\":\"https:\\\/\\\/www.epluse.fi\\\/?page_id=241\",\"url\":\"https:\\\/\\\/www.epluse.fi\\\/?page_id=241\",\"name\":\"Omakotitalot - Energy Plus Engineering Oy\",\"isPartOf\":{\"@id\":\"https:\\\/\\\/www.epluse.fi\\\/#website\"},\"primaryImageOfPage\":{\"@id\":\"https:\\\/\\\/www.epluse.fi\\\/?page_id=241#primaryimage\"},\"image\":{\"@id\":\"https:\\\/\\\/www.epluse.fi\\\/?page_id=241#primaryimage\"},\"thumbnailUrl\":\"https:\\\/\\\/www.epluse.fi\\\/wp-content\\\/uploads\\\/2023\\\/03\\\/IMG_6732-683x1024.jpg\",\"datePublished\":\"2023-02-16T07:41:09+00:00\",\"dateModified\":\"2025-08-20T10:00:17+00:00\",\"breadcrumb\":{\"@id\":\"https:\\\/\\\/www.epluse.fi\\\/?page_id=241#breadcrumb\"},\"inLanguage\":\"fi\",\"potentialAction\":[{\"@type\":\"ReadAction\",\"target\":[\"https:\\\/\\\/www.epluse.fi\\\/?page_id=241\"]}]},{\"@type\":\"ImageObject\",\"inLanguage\":\"fi\",\"@id\":\"https:\\\/\\\/www.epluse.fi\\\/?page_id=241#primaryimage\",\"url\":\"https:\\\/\\\/www.epluse.fi\\\/wp-content\\\/uploads\\\/2023\\\/03\\\/IMG_6732-scaled.jpg\",\"contentUrl\":\"https:\\\/\\\/www.epluse.fi\\\/wp-content\\\/uploads\\\/2023\\\/03\\\/IMG_6732-scaled.jpg\",\"width\":1707,\"height\":2560},{\"@type\":\"BreadcrumbList\",\"@id\":\"https:\\\/\\\/www.epluse.fi\\\/?page_id=241#breadcrumb\",\"itemListElement\":[{\"@type\":\"ListItem\",\"position\":1,\"name\":\"Etusivu\",\"item\":\"https:\\\/\\\/www.epluse.fi\\\/\"},{\"@type\":\"ListItem\",\"position\":2,\"name\":\"Omakotitalot\"}]},{\"@type\":\"WebSite\",\"@id\":\"https:\\\/\\\/www.epluse.fi\\\/#website\",\"url\":\"https:\\\/\\\/www.epluse.fi\\\/\",\"name\":\"Energy Plus Engineering Oy\",\"description\":\"\",\"publisher\":{\"@id\":\"https:\\\/\\\/www.epluse.fi\\\/#organization\"},\"potentialAction\":[{\"@type\":\"SearchAction\",\"target\":{\"@type\":\"EntryPoint\",\"urlTemplate\":\"https:\\\/\\\/www.epluse.fi\\\/?s={search_term_string}\"},\"query-input\":{\"@type\":\"PropertyValueSpecification\",\"valueRequired\":true,\"valueName\":\"search_term_string\"}}],\"inLanguage\":\"fi\"},{\"@type\":\"Organization\",\"@id\":\"https:\\\/\\\/www.epluse.fi\\\/#organization\",\"name\":\"Energy Plus Engineering Oy\",\"url\":\"https:\\\/\\\/www.epluse.fi\\\/\",\"logo\":{\"@type\":\"ImageObject\",\"inLanguage\":\"fi\",\"@id\":\"https:\\\/\\\/www.epluse.fi\\\/#\\\/schema\\\/logo\\\/image\\\/\",\"url\":\"https:\\\/\\\/www.epluse.fi\\\/wp-content\\\/uploads\\\/2021\\\/07\\\/cropped-EE_logo_RGB_musta.jpg\",\"contentUrl\":\"https:\\\/\\\/www.epluse.fi\\\/wp-content\\\/uploads\\\/2021\\\/07\\\/cropped-EE_logo_RGB_musta.jpg\",\"width\":354,\"height\":421,\"caption\":\"Energy Plus Engineering Oy\"},\"image\":{\"@id\":\"https:\\\/\\\/www.epluse.fi\\\/#\\\/schema\\\/logo\\\/image\\\/\"},\"sameAs\":[\"https:\\\/\\\/www.linkedin.com\\\/company\\\/energy-plus-engineering-oy\"]}]}<\/script>\n<!-- \/ Yoast SEO plugin. -->","yoast_head_json":{"title":"Omakotitalot - Energy Plus Engineering Oy","robots":{"index":"index","follow":"follow","max-snippet":"max-snippet:-1","max-image-preview":"max-image-preview:large","max-video-preview":"max-video-preview:-1"},"canonical":"https:\/\/www.epluse.fi\/?page_id=241","og_locale":"fi_FI","og_type":"article","og_title":"Omakotitalot - Energy Plus Engineering Oy","og_description":"Kaikki tuotteemme r\u00e4\u00e4t\u00e4l\u00f6id\u00e4\u00e4n sinun tarpeisiisi. Alla olevat tuotepaketit ovat esimerkkej\u00e4 siit\u00e4, mit\u00e4 selvitykseen voidaan sis\u00e4llytt\u00e4\u00e4. Aurinkoselvitys Tietoa aurinkovoimalan kannattavuudesta ja mitoituksen vaikutuksista p\u00e4\u00e4t\u00f6ksenteon tueksi L\u00e4mp\u00f6selvitys Eri l\u00e4mm\u00f6nl\u00e4hteiden vertailu suunniteltaessa l\u00e4mmitystavan muutosta Kokonaisoptimi Energiatehokkuuden kokonaiskuva uudiskohteisiin sek\u00e4 isompien remonttien yhteydess\u00e4 Tarvittavat l\u00e4ht\u00f6tiedot Aurinkoselvitys L\u00e4mp\u00f6selvitys","og_url":"https:\/\/www.epluse.fi\/?page_id=241","og_site_name":"Energy Plus Engineering Oy","article_modified_time":"2025-08-20T10:00:17+00:00","og_image":[{"width":1707,"height":2560,"url":"https:\/\/www.epluse.fi\/wp-content\/uploads\/2023\/03\/IMG_6732-scaled.jpg","type":"image\/jpeg"}],"twitter_card":"summary_large_image","twitter_misc":{"Arvioitu lukuaika":"2 minuuttia"},"schema":{"@context":"https:\/\/schema.org","@graph":[{"@type":"WebPage","@id":"https:\/\/www.epluse.fi\/?page_id=241","url":"https:\/\/www.epluse.fi\/?page_id=241","name":"Omakotitalot - Energy Plus Engineering Oy","isPartOf":{"@id":"https:\/\/www.epluse.fi\/#website"},"primaryImageOfPage":{"@id":"https:\/\/www.epluse.fi\/?page_id=241#primaryimage"},"image":{"@id":"https:\/\/www.epluse.fi\/?page_id=241#primaryimage"},"thumbnailUrl":"https:\/\/www.epluse.fi\/wp-content\/uploads\/2023\/03\/IMG_6732-683x1024.jpg","datePublished":"2023-02-16T07:41:09+00:00","dateModified":"2025-08-20T10:00:17+00:00","breadcrumb":{"@id":"https:\/\/www.epluse.fi\/?page_id=241#breadcrumb"},"inLanguage":"fi","potentialAction":[{"@type":"ReadAction","target":["https:\/\/www.epluse.fi\/?page_id=241"]}]},{"@type":"ImageObject","inLanguage":"fi","@id":"https:\/\/www.epluse.fi\/?page_id=241#primaryimage","url":"https:\/\/www.epluse.fi\/wp-content\/uploads\/2023\/03\/IMG_6732-scaled.jpg","contentUrl":"https:\/\/www.epluse.fi\/wp-content\/uploads\/2023\/03\/IMG_6732-scaled.jpg","width":1707,"height":2560},{"@type":"BreadcrumbList","@id":"https:\/\/www.epluse.fi\/?page_id=241#breadcrumb","itemListElement":[{"@type":"ListItem","position":1,"name":"Etusivu","item":"https:\/\/www.epluse.fi\/"},{"@type":"ListItem","position":2,"name":"Omakotitalot"}]},{"@type":"WebSite","@id":"https:\/\/www.epluse.fi\/#website","url":"https:\/\/www.epluse.fi\/","name":"Energy Plus Engineering Oy","description":"","publisher":{"@id":"https:\/\/www.epluse.fi\/#organization"},"potentialAction":[{"@type":"SearchAction","target":{"@type":"EntryPoint","urlTemplate":"https:\/\/www.epluse.fi\/?s={search_term_string}"},"query-input":{"@type":"PropertyValueSpecification","valueRequired":true,"valueName":"search_term_string"}}],"inLanguage":"fi"},{"@type":"Organization","@id":"https:\/\/www.epluse.fi\/#organization","name":"Energy Plus Engineering Oy","url":"https:\/\/www.epluse.fi\/","logo":{"@type":"ImageObject","inLanguage":"fi","@id":"https:\/\/www.epluse.fi\/#\/schema\/logo\/image\/","url":"https:\/\/www.epluse.fi\/wp-content\/uploads\/2021\/07\/cropped-EE_logo_RGB_musta.jpg","contentUrl":"https:\/\/www.epluse.fi\/wp-content\/uploads\/2021\/07\/cropped-EE_logo_RGB_musta.jpg","width":354,"height":421,"caption":"Energy Plus Engineering Oy"},"image":{"@id":"https:\/\/www.epluse.fi\/#\/schema\/logo\/image\/"},"sameAs":["https:\/\/www.linkedin.com\/company\/energy-plus-engineering-oy"]}]}},"_links":{"self":[{"href":"https:\/\/www.epluse.fi\/index.php?rest_route=\/wp\/v2\/pages\/241","targetHints":{"allow":["GET"]}}],"collection":[{"href":"https:\/\/www.epluse.fi\/index.php?rest_route=\/wp\/v2\/pages"}],"about":[{"href":"https:\/\/www.epluse.fi\/index.php?rest_route=\/wp\/v2\/types\/page"}],"author":[{"embeddable":true,"href":"https:\/\/www.epluse.fi\/index.php?rest_route=\/wp\/v2\/users\/1"}],"replies":[{"embeddable":true,"href":"https:\/\/www.epluse.fi\/index.php?rest_route=%2Fwp%2Fv2%2Fcomments&post=241"}],"version-history":[{"count":16,"href":"https:\/\/www.epluse.fi\/index.php?rest_route=\/wp\/v2\/pages\/241\/revisions"}],"predecessor-version":[{"id":548,"href":"https:\/\/www.epluse.fi\/index.php?rest_route=\/wp\/v2\/pages\/241\/revisions\/548"}],"wp:attachment":[{"href":"https:\/\/www.epluse.fi\/index.php?rest_route=%2Fwp%2Fv2%2Fmedia&parent=241"}],"curies":[{"name":"wp","href":"https:\/\/api.w.org\/{rel}","templated":true}]}}